late f(-1401).
-7
Let g(m) = 2*m**2 + 79*m + 154. What is g(-37)?
-31
Let b(r) = -3*r**3 - 6*r**2 - 10*r - 63. Calculate b(-5).
212
Let g(o) = -4303*o - 5073248. Give g(-1179).
-11
Let r(k) = -k**3 + 19*k**2 + 80*k + 76. Give r(-6).
496
Let s(j) = 415*j + 759. What is s(-1)?
344
Let z(q) = -3734*q + 989514. What is z(265)?
4
Let k(v) = 2*v**3 + 37*v**2 - 784*v - 267. Give k(-31).
12
Let u(y) = -30842*y + 246719. Determine u(8).
-17
Let b(w) = 52*w + 240. Determine b(-19).
-748
Let s(v) = -v**3 - v**2 + 51*v + 611. Calculate s(-13).
1976
Let n(g) = 2*g**3 + 14*g**2 - 111*g - 22. Give n(-12).
-130
Let x(p) = 3*p**3 + 56*p**2 + 303*p + 4768. What is x(-18)?
-38
Let h(a) = -a**3 + 116*a**2 - 5841*a + 639879. Give h(114).
-3
Let p(v) = 4*v**2 + 248*v - 8655. Determine p(23).
-835
Let c(p) = 2930603*p + 20514207. Determine c(-7).
-14
Let m(a) = 3*a**3 + 3*a**2 - 466*a - 2318. What is m(-5)?
-288
Let n(y) = 2*y**3 - 32*y**2 + 204*y - 72. What is n(10)?
768
Let x(g) = -3*g**2 - 782*g - 15696. What is x(-22)?
56
Let v(p) = -p**3 - 34*p**2 - 37*p - 2530. What is v(-35)?
-10
Let a(l) = -172*l + 706. Determine a(6).
-326
Let i(a) = -a**3 + 384*a**2 + 3243*a - 41941. Give i(392).
3
Let g(l) = -39668*l + 436391. What is g(11)?
43
Let i(t) = 25*t**2 - 491*t + 402. Determine i(19).
98
Let g(z) = -11*z**3 + 153*z**2 + 788*z - 11. Give g(-4).
-11
Let a(g) = 12*g**3 - 50*g**2 + 665*g - 2627. Determine a(4).
1
Let s(r) = 508*r**2 + 107188*r + 150. Give s(-211).
150
Let w(u) = 4642*u - 194998. Give w(42).
-34
Let q(g) = 566*g - 19302. Calculate q(24).
-5718
Let m(u) = -222*u + 2456. Give m(14).
-652
Let n(p) = p**2 - 74*p + 711. Determine n(12).
-33
Let o(u) = -2*u**3 - 9*u**2 + 2020*u + 10149. Give o(-5).
74
Let y(i) = 9*i**3 + 1279*i**2 + 131*i - 11. Determine y(-142).
1551
Let f(a) = 4338*a - 910994. Calculate f(210).
-14
Let m(s) = -13*s**2 + 1947*s - 1931. What is m(1)?
3
Let w(a) = 23*a + 3412. Give w(-164).
-360
Let q(i) = -162*i**2 - 679*i + 25. Give q(-5).
-630
Let q(h) = 30953*h - 1640495. What is q(53)?
14
Let k(x) = 24*x**2 - 845*x - 2684. Calculate k(-3).
67
Let u(d) = -348547*d - 1742733. Give u(-5).
2
Let k(p) = 6253*p - 93800. Determine k(15).
-5
Let m(j) = -113*j**2 - 494*j + 356. Determine m(-5).
1
Let b(m) = m**2 + 6930*m + 186583. Determine b(-27).
202
Let l(m) = m**2 + 321*m - 5932. Calculate l(17).
-186
Let z(x) = 1934*x - 104449. What is z(54)?
-13
Let h(k) = 123631*k + 6552455. What is h(-53)?
12
Let s(c) = -2048*c + 2232302. Calculate s(1090).
-18
Let z(g) = -4*g**3 + 353*g**2 + 877*g + 315. Give z(-2).
5
Let a(t) = 82*t**3 - 5827*t**2 + 416*t - 4321. Calculate a(71).
10
Let q(x) = 4*x**3 + 740*x**2 - 2286*x - 5654. Calculate q(-188).
-14
Let b(p) = p**3 + 68*p**2 - 295*p - 294. What is b(-72)?
210
Let x(p) = -15*p**2 + 151*p - 71. Give x(16).
-1495
Let v(i) = 3226*i - 177425. Give v(55).
5
Let y(p) = -582*p - 3133. Calculate y(-5).
-223
Let b(u) = -12*u**3 + 6*u**2 + 18*u - 13. What is b(5)?
-1273
Let v(i) = -596*i**3 + 2383*i**2 + 47*i - 154. Determine v(4).
18
Let y(d) = d**3 - 183*d**2 - 1348*d - 153. Calculate y(-7).
-27
Let d(b) = 5*b + 1157. What is d(-79)?
762
Let c(i) = -334*i**2 - 6355*i - 47. Give c(-19).
124
Let r(z) = -z**3 + 31*z**2 - 214*z + 657. Calculate r(23).
-33
Let j(y) = -3*y - 739. Determine j(26).
-817
Let f(x) = -1071*x + 62153. Calculate f(58).
35
Let t(q) = 3*q**2 + 1279*q - 27545. Give t(-447).
169
Let z(o) = 10178622*o - 30535857. Determine z(3).
9
Let m(v) = 241248*v - 482490. What is m(2)?
6
Let w(z) = 7042*z - 49345. What is w(7)?
-51
Let a(r) = 3*r**2 + 8649*r + 1888527. Give a(-238).
-3
Let b(u) = -2*u**3 - 536*u**2 - 14482*u - 4040369. Determine b(-269).
11
Let c(k) = k**3 - 297*k**2 + 14221*k - 120. Calculate c(60).
-60
Let n(w) = 126*w + 1755. What is n(-9)?
621
Let i(v) = 457*v + 8172. Calculate i(-16).
860
Let k(f) = -25197*f - 352752. What is k(-14)?
6
Let c(z) = 173*z**2 - 6898*z + 57856. Give c(12).
-8
Let t(f) = -f**3 + 18*f**2 - 882*f + 12553. Calculate t(15).
-2
Let c(k) = -72*k**2 + 2857*k + 932. Determine c(40).
12
Let o(b) = -13561*b - 2576595. Calculate o(-190).
-5
Let q(b) = 2664*b + 82690. Give q(-31).
106
Let m(g) = 461*g + 51400. What is m(-110)?
690
Let v(k) = 14062015*k - 56248053. Calculate v(4).
7
Let o(s) = -s**3 - 249*s**2 + 4250*s + 2391. What is o(-265)?
-259
Let j(q) = -2*q**3 + 14*q**2 - 233*q + 1260. What is j(7)?
-371
Let n(i) = 714*i - 16532. Determine n(23).
-110
Let m(p) = 2*p**2 + 1255*p - 19777. What is m(16)?
815
Let b(p) = p**2 + 3161*p + 22072. Give b(-7).
-6
Let u(n) = -4078*n - 493453. What is u(-121)?
-15
Let k(s) = -2557*s + 53692. Give k(21).
-5
Let l(y) = -6222*y + 44033. Determine l(7).
479
Let a(f) = -5*f**2 - 592*f - 4030. What is a(-7)?
-131
Let r(x) = -344*x - 24128. Determine r(-65).
-1768
Let f(w) = -2*w**3 - 100*w**2 + 120*w + 1056. Give f(-51).
138
Let d(s) = -450*s + 93658. Determine d(208).
58
Let v(d) = 49*d - 7382. Determine v(61).
-4393
Let k(f) = 496*f**2 + 37*f + 43. What is k(-2)?
1953
Let p(k) = -k**3 - 182*k**2 + 3600*k - 636. Calculate p(-200).
-636
Let m(z) = -z**2 + 72*z + 5613. What is m(119)?
20
Let b(m) = -3*m**3 + 29*m**2 + 338*m - 3914. Give b(12).
-866
Let h(b) = 6*b**2 + 119*b - 241. What is h(2)?
21
Let l(r) = -134*r + 114914. Give l(858).
-58
Let c(m) = 22*m**2 - 237*m + 1452. Give c(6).
822
Let p(i) = 13736*i - 82424. Determine p(6).
-8
Let w(a) = -a**3 + 88*a**2 - 616*a + 54217. Determine w(88).
9
Let y(w) = w**3 + 77*w**2 + 203*w + 9669. Give y(-76).
17
Let y(p) = -79411*p - 79407. Give y(-1).
4
Let f(s) = 86*s - 1821. Calculate f(24).
243
Let u(z) = -197*z + 11269. Determine u(53).
828
Let k(h) = h**2 + 1045*h + 206701. Calculate k(-265).
1
Let p(k) = -k**3 + 120*k**2 - 1102*k + 241. What is p(110)?
21
Let i(g) = -13722*g + 7396147. Calculate i(539).
-11
Let v(w) = -w**3 + 12*w**2 + 197*w - 2725. What is v(15)?
-445
Let p(r) = 2*r**2 + 313*r - 16501. Determine p(-199).
414
Let l(q) = -12704*q - 64395. Calculate l(-5).
-875
Let h(i) = -2*i**3 - 582*i**2 - 1173*i - 4867. Determine h(-289).
46
Let b(q) = -298562*q - 15. Determine b(0).
-15
Let k(c) = -1807860*c + 12654998. Calculate k(7).
-22
Let r(u) = -446*u**2 - 184*u - 4. Determine r(-1).
-266
Let f(h) = 15*h**2 + 22685*h + 32. Give f(0).
32
Let z(j) = -1792*j + 35851. What is z(20)?
11
Let j(b) = -2*b**3 - 140*b**2 - 995*b - 380. Calculate j(-7).
411
Let z(l) = -l**2 - 3641*l + 36499. Determine z(10).
-11
Let a(b) = -3*b**3 - 7*b**2 + 54*b + 162. What is a(-3)?
18
Let g(r) = 3*r**3 + 178*r**2 + 2165*r - 27. Determine g(-42).
771
Let g(l) = -l**2 - 612*l - 80998. Determine g(-200).
1402
Let k(l) = l**2 + 269*l + 3552. Give k(-14).
-18
Let h(t) = t**2 - 4583*t - 138284. Give h(-30).
106
Let t(j) = -j**3 + 4*j**2 - 9*j + 125. Give t(7).
-85
Let p(n) = 2*n**3 - 10*n**2 - 7*n - 17. Calculate p(-6).
-767
Let g(w) = 2*w**3 - 74*w**2 - 309*w - 839. Calculate g(41).
-60
Let q(y) = -61*y + 479. Determine q(1).
418
Let m(a) = 3903*a + 241982. What is m(-62)?
-4
Let d(k) = 74*k**3 + 305*k**2 - 17*k - 6. Determine d(-4).
206
Let o(u) = 6084*u**2 - 1441907*u - 227. Give o(237).
10
Let h(v) = v**2 - 532*v - 138. What is h(0)?
-138
Let n(c) = -c**3 + 68*c**2 - 591*c + 591. Calculate n(58).
-47
Let j(d) = -4288*d + 8467. Give j(2).
-109
Let s(v) = -v**3 - 6*v**2 + 494*v + 3477. Calculate s(-7).
68
Let q(d) = -7*d**3 + 39*d**2 - 11736*d + 58585. What is q(5)?
5
Let g(k) = 392263*k + 6276200. Calculate g(-16).
-8
Let k(u) = 124*u**3 + 5*u**2 + 53*u - 58. Give k(1).
124
Let k(h) = -h**3 + 10*h**2 - 96*h + 544. Calculate k(11).
-633
Let l(w) = 42*w**2 + 686*w - 122. Determine l(-16).
-346
Let a(m) = -67*m + 14994. Calculate a(227).
-215
Let f(o) = 5*o**2 - 1345*o + 2924. Determine f(267).
254
Let z(s) = 1433381*s - 8600248. What is z(6)?
38
Let q(u) = 10385*u + 11195024. Give q(-1078).
-6
Let t(z) = 3*z**3 + 88*z**2 - 274*z - 6426. Calculate t(-30).
-6
Let m(h) = -20052*h - 1203083. What is m(-60)?
37
Let v(p) = 19*p**3 - 67*p**2 + 5*p + 65. Give v(3).
-10
Let g(x) = -6768*x**2 - 257186*x - 21. What is g(-38)?
55
Let o(r) = -12*r**3 - 1353*r**2 + 325*r - 1385. What is o(-113)?
197
Let s(k) = 2841*k + 272761. What is s(-96)?
25
Let b(r) = -2020*r + 244408. Give b(121).
-12
Let u(j) = -1505*j 